6 - (-5 + 5 + -5)).
0
Calculate -18 + 26 - -15 - 38.
-15
12 - ((3 - (4 + -9)) + -23)
27
Evaluate 3 - (0 - (-8 - 2)) - (60 - 40).
-27
Evaluate -2 + (3 - -7) + (7 - 5 - 37).
-27
What is the value of -5 + 2 - (5 - 1 - (7 + 1))?
1
5 + (-2 - 1) - (4 + -7 + 10)
-5
Calculate 2 - (5 + -2) - (-2 + 10).
-9
(13 - -1) + (202 - 235)
-19
14 + -11 + 25 + -15 + (9 - 1)
21
(-19 - -7) + (9 - 5) + 1 + -1
-8
What is the value of (-29 - -35) + -11 + (5 - -7)?
7
What is -4 - (0 - (-3 - 1) - 4 - 6)?
2
Evaluate (14 - (26 - 13)) + (5 - 2 - 15).
-11
-8 - -2 - (-3 + (-3 - -1))
-1
Calculate 13 + (26 - 24 - -2).
17
(8 + -13 - (-2 - 1)) + (-3 - -4)
-1
Calculate 28 + (-1 - 26) + 25.
26
What is (0 - 1) + (84 - 75) + -5 + 2?
5
What is the value of (5 - 3) + -20 + -27 + 27?
-18
What is 12 + 0 + (-6 - -5) + -6 + 5?
10
(-7 - -5) + (-2 - -15)
11
-7 + (-7 - (1 + (-9 - -6)))
-12
What is -22 - (33 + 24 + -111)?
32
(-7 - -28) + (-8 - 8)
5
Evaluate (-7 - (0 + -5 - -9)) + 4.
-7
What is the value of 14 - (14 - 5 - -3)?
2
What is 1 + 9 + 35 + -48 - (-1 + 0)?
-2
What is 13 - (0 - -8 - 1)?
6
What is the value of 1 - 7 - (-14 + 31 - 14) - -2?
-7
6 + (-10 - (8 + -5)) + 22 + 0
15
What is (7 + -9 - (2 + 0 + 1)) + 12?
7
What is (5 - 0) + (-57 - -51) - -16?
15
Calculate (18 - -8) + -32 + 31.
25
Calculate -2 + 7 - (-3 + -9).
17
Evaluate -2 + -10 + 11 + 11.
10
Evaluate (-6 + (-3 - -3) - 6) + 2.
-10
What is the value of 16 + -2 + -3 + 2 + -2?
11
12 + 7 - 16 - 0
3
What is the value of (5 - 10) + (-60 - -78)?
13
Evaluate -330 - -337 - (2 + -1 - 1).
7
What is the value of 5 + 5 + -1 + (-44 - -19) + 48?
32
What is the value of 3 + -13 + (-1 - (13 + -8))?
-16
31 - (8 + -8) - 9
22
What is the value of -15 + 19 + (-7 - 0) - -4?
1
16 - (37 + (6 - 59))
32
3 - (-8 - (-2 + -6)) - (17 - 1)
-13
-12 + 20 - (9 + 0) - (-12 - -3)
8
Calculate (-18 - -16) + 6 + (-12 - -4).
-4
What is the value of 11 + -1 + -2 + -6 - -2?
4
What is the value of 590 + -599 + -10 + (-1 + 2 - 1)?
-19
What is -5 - (-24 + 15 + -1)?
5
What is (-8 - (-9 - 3) - 8) + -3 + -2?
-9
Evaluate 3 + 2 - (-149 - -148) - -10.
16
Calculate -2 + (18 + -21 - (2 + -8)).
1
Calculate (-26 - 2) + 52 + -34.
-10
Evaluate 3 - (6 + -6) - (1 - (-7 + 10)).
5
Calculate (-1 - 10 - (-4 + 11 - 7)) + -1.
-12
What is 7 + 2 + 0 + (6 - 10)?
5
Calculate 9 + 6 + -2 + (-2 - (5 + -4)).
10
What is (220 - 229) + 1 + 9?
1
What is 180 - 179 - (-2 + 0)?
3
What is (78 - 82) + -14 + -1 - -8?
-11
Evaluate 8 + (1 - (8 - 6)) - 8.
-1
(-6 + -11 - -14) + -12
-15
What is the value of (1 - 22 - -11 - -8) + -18?
-20
What is 17 + (-59 - 34) + 42?
-34
15 + -21 - (28 - 49)
15
What is the value of (12 - (-22 - -19)) + 1?
16
Calculate (-60 - -6) + (-82 - -117).
-19
Calculate 2 - 0 - -4 - (47 + -4 + -50).
13
Calculate (13 + -7 - 9) + -1 + (8 - -7).
11
Evaluate (13 - 13) + (38 - 41 - (0 + -1)).
-2
Evaluate -1 + 8 + 0 - (0 - (-31 - -31)).
7
Evaluate -4 + 25 - 18 - 13.
-10
Evaluate -88 - -96 - (-1 - (-6 - 2)).
1
Calculate (-1 - 2) + (-30 - -38) - (30 - 0).
-25
(5 - -4) + (-5 - 2 - (-48 + 23))
27
Calculate -22 - -32 - (7 + 0) - 0.
3
What is (-14 - 1 - -9) + (13 - 0)?
7
Calculate (49 - 51) + 3 + -2 + 1 + -4.
-4
What is -16 - 5 - (-3 + -7)?
-11
What is (-1 - 4) + -7 + (7 + 24 - -1)?
20
Calculate 24 - ((-4 - -31) + -16).
13
Evaluate -1 + 10 - (11 + -6).
4
Calculate 0 + -4 - (-7 - -28) - (39 - 42).
-22
-300 + 287 - (-1 - 23) - (20 + 1)
-10
-15 + (1 - 2) - (35 - (64 + -29))
-16
9 - (-3 + 5 - ((-5 - -6) + 4))
12
Evaluate (-10 - -11) + (-1 - 1) + (7 - -12).
18
Calculate (-12 - -24) + -17 + 1.
-4
2 + (-2 - -6) + (33 + 19 - 28)
30
Calculate -22 - (12 + -9 - 7).
-18
What is the value of -5 + -1 + (0 - 1) + 105 + -97?
1
What is the value of -1 + 1 + (-14 - -5) + -20 + 26?
-3
Calculate -1 + 1 + -3 + (-5 - (0 - 0)).
-8
Evaluate (-5 - (-6 + 1)) + -4.
-4
Calculate 19 - (5 - 27) - 20.
21
What is the value of -5 + (12 - 26) + 12?
-7
Evaluate 11 + -24 - 0 - 2.
-15
Calculate (3 - (6 - 2)) + -10.
-11
What is the value of 18 + -10 + -19 + (-1 - 1)?
-13
What is the value of 32 + 4 + -14 - (-1 + 8)?
15
Calculate -9 + 2 + (11 - -2 - -3 - 40).
-31
Calculate 2 + 8 + -26 - -14.
-2
What is the value of 8 - (-38 - -21) - (-3 - -7)?
21
Evaluate 4 + -10 + 7 + 7.
8
Calculate 1 + -7 - (-4 - -2 - (69 + -59)).
6
What is 3 + 1 + 6 + -8?
2
(-6 - (8 + (-2 - 3 - 0))) + -5
-14
Calculate (-2 + 8 + 2 - 1) + 32 + -25.
14
Calculate (-13 - -20) + -21 + 27.
13
-1 + -12 + -22 + 37 + -23
-21
15 + 13 - (3 - 4 - -10)
19
What is the value of (7 + -13 - -13) + -11?
-4
Evaluate 8 + -51 + 25 + (9 - 1).
-10
What is -2 - 0 - (4 + 1 - (10 - 7))?
-4
-35 - (-41 + (-25 - -34))
-3
Calculate 17 - (17 + -2) - -12.
14
-29 + -5 + (-2 - -16)
-20
Evaluate -1 - (11 - -2 - 14).
0
Calculate (103 - 94) + -3 + 1.
7
What is (-1 - 3) + 1009 + -989?
16
What is (-1 - -27) + 62 + -36 + -23?
29
What is the value of (-18 - -5) + 9 - 21?
-25
Evaluate -36 + 2 - -42 - (2 - (-2 + -5)).
-1
What is -25 - 5 - (-31 + 17)?
-16
What is 2700 + -2743 + (41 - -1)?
-1
Calculate 8 + (-10 - -9) + -3.
4
What is the value of 2 + (-1 - -1) + (-42 - -13) + 8?
-19
-4 + -24 - (56 - 83)
-1
What is (-1 - 5) + -76 + 75?
-7
Calculate -16 + 3 + (-9 - -14) + 2.
-6
What is 15 - 6 - (3 + 9 + 8)?
-11
Evaluate -1 + -1 - (268 - 281).
11
What is the value of -209 - -199 - ((-17 - 0) + -2)?
9
9 - (-14 + (5 - 1) + 19) - -27
27
Evaluate 17 - (-8 - (-6 + -8 + 9) - 1).
21
Evaluate (-37 - (-4 + -6)) + 18.
-9
What is -3 + 0 + (1 + 45 - (-575 + 591))?
27
Evaluate (-3 - 0) + (11 - (13 - 4)) - -11.
10
What is the value of (-33 - -35 - 29) + 30?
3
Evaluate (-54 - (-54 - -11)) + (-1 - -14).
2
Evaluate 0 + 3 - 7 - -2.
-2
0 + -1 + (7 + -6 - 6)
-6
Calculate (0 + -3 - -5) + 10 + -12.
0
Calculate (-2 + -1 - 25) + (-11 - -28 - 16).
-27
What is the value of -17 + 16 + 8 + -17 + -9 + 6?
-13
What is the value of (13 - 21) + -13 - -12?
-9
Evaluate -17 - ((0 - 2) + -10 + -2 + 6).
-9
Evaluate -4 + -11 + 8 + 13.
6
0 + (16 + -9 - -2)
9
What is -5 + (-10 - 5 - -4) + 5?
-11
What is 2 - 1 - (-33 - (41 + -82))?
-7
-5 + (5 - (24 - 12))
-12
Evaluate -23 + 23 + -19 + 25.
6
What is (2 - (5 + (9 + -8 - -1))) + 9?
4
Evaluate 18 - 36 - -23 - (-1 - (-4 + 0)).
2
What is the value of -2 + -1 - (390 + -384)?
-9
What is (33 - (-47 + 69)) + 11 + 0?
22
Calculate -17 + 4 - (-5 + -15) - -16.
23
What is 0 + -1 + (-11 - -43) + -36?
-5
Evaluate -19 + 15 + -5 - (-7 - 0).
-2
What is the value of 17 - 3 - (82 + -67)?
-1
Evaluate 12 - -1 - (-6 + 11 + 2 - 10).
16
What is -9 + 17 + -7 + (4 - -4) + -7?
2
Calculate 79 + -77 - (1 - 2).
3
Evaluate 4 + 3 + -5 - 3.
-1
Evaluate -1 + 12 - (-56 - -61 - 10).
16
What is -4 - 1 - (-179 - -171)?
3
What is (6 - 0) + 35 + -50?
-9
What is 8 + (-6 - -12) + -15?
-1
Evaluate (2 - (-2 + -1)) + (66 - (-65 + 137)).
-1
Calculate (5 - 2) + -1 + (-179 - -194).
17
Evaluate (-40 - -18) + 13 + (-15 - -2 - -2).
-20
What is the value of -29 - (2 + (3 - 0) - (23 - 14))?
-25
Evaluate 164 + -149 + (-1 - 15).
-1
Calculate (-2 + 0 + 7 + 5 - -2) + 6.
18
Evaluate 4 + 3 + -6 + -61 + 53.
-7
Evaluate (-35 - (-80 - -26)) + -44.
-25
Calculate -9 - (-3 + -8 + 16).
-14
Evaluate (-46 - -27 - -16) + (0 - -41 - 2).
36
What is 2854 + -2842 + (-1 - (0 + -30))?
41
What is the value of -15 + (8 - (-21 - -19 - (-2 - 2)))?
-9
Calculate (-4 - (-3 + -10)) + 1 + -3.
7
-2 - (2 + -9 + 14 + (-4 - 16))
11
Evaluate -2 - -36 - (-4 - (-4 + -6)).
28
Evaluate 32 + 1 + -1 + -1 - (1458 + -1452).
25
15 + -26 + -12 + 5
-18
Calculate 2 - 4 - (-5 - ((-24 - 6) + 4)).
-23
What is the value of (-7 - ((5 - 25) + 8)) + -14 + 1?
-8
Calculate 2 + -6 + -2 + 4 + 1.
-1
What is the value of 0 + -1 + -18 + (-44 - -51)?
-12
7 + -4 + (-6 - -32)
29
Calculate 3 - (32 - (31 + -21)).
-19
Calculate (-6 - -28 - 17) + (1 - 10).
-4
14 + -14 + 22 + -12
10
Calculate -8 + -9 + 17 + -13 + 10.
-3
What is (-10 - -1 - (-4 + -9)) + -10?
-6
Calculate -11 + 10 + 10 + 0 + (5 - 3).
11
Evaluate 4 - (-5 - (9 - 3)) - 6.
9
What is -23 + 41 + -24 - (-2 + -2)?
-2
Evaluate (-1 - (21 - (-2 + 4 + 5))) + -2.
-17
What is -5 - (-5 - -5) - ((3 - 7) + 7)?
-8
(-8 - (-4 + -6 + 1)) + 2
3
Evaluate 8 - (-11 + 10) - 16.
-7
What is -5 + 18 - 31 - ((-3 - -3) + -4)?
-14
Evaluate -4 + 5 + (-1 - 3).
-3
Calculate (-14 - (-26 + 10)) + -3 + 2 - 22.
-21
What is the value of 7 - (6 + 33 + (-13 - -2))?
-21
Calculate 2 + -2 + 3 + -1 - (-458 - -446)